{"id":300,"date":"2019-01-16T16:53:00","date_gmt":"2019-01-16T16:53:00","guid":{"rendered":"http:\/\/bi-wehraecker.de\/?page_id=300"},"modified":"2019-02-13T16:32:08","modified_gmt":"2019-02-13T16:32:08","slug":"quellen-links-und-literatur","status":"publish","type":"page","link":"https:\/\/ogb-abstatt.de\/?page_id=300","title":{"rendered":"Quellen, Links und Literatur"},"content":{"rendered":"\n<p>Ein empfehlenswertes Werk f\u00fcr B\u00fcrgermeister und Gemeinderat:  <br><em>Meyer, Johannes :&nbsp;<strong>Nachhaltige Kommunalpolitik ist m\u00f6glich.<\/strong>&nbsp;Zur Durchsetzung einer nachhaltigen&nbsp;Stadt- und Verkehrsplanung. M\u00fcnchen: oekom-Verl., 2017. 134 S., \u20ac 22,95 [D], 23,60 [A] ; ISBN 978-3-96006-002-4<\/em> <\/p>\n\n\n\n<p>Viel Kompetenz und Fallbeispiele \u00fcber Stadtentwicklung und Baurecht findet man auf der Seite von Dr.-Ing. Johann Hartl: <\/p>\n\n\n\n<p><a rel=\"noreferrer noopener\" aria-label=\" (\u00f6ffnet in neuem Tab)\" href=\"https:\/\/www.stadtgrenze.de\/s\/bbg\/2017\/13b.htm\" target=\"_blank\">https:\/\/www.stadtgrenze.de\/s\/bbg\/2017\/13b.htm<\/a><\/p>\n\n\n\n<p>Informationen \u00fcber B\u00fcrgerentscheide, B\u00fcrgerbegehren, direkte Demokratie und Fallbeispiele: Dr. Edgar Wunder  Mehr Demokratie e.V. Landesb\u00fcro<\/p>\n\n\n\n<p> <a rel=\"noreferrer noopener\" aria-label=\" (\u00f6ffnet in neuem Tab)\" href=\"https:\/\/www.mitentscheiden.de\/buergerbegehren\/aktuelle-verfahren\/verfahren-2019\/\" target=\"_blank\">https:\/\/www.mitentscheiden.de\/buergerbegehren\/aktuelle-verfahren\/verfahren-2019\/<\/a><\/p>\n\n\n\n<p>Regierungspr\u00e4sidium Stuttgart: Im Bereich Planen und Bauen zum Thema &#8222;Fl\u00e4chen sparen&#8220;<\/p>\n\n\n\n<p> <a rel=\"noreferrer noopener\" aria-label=\" (\u00f6ffnet in neuem Tab)\" href=\"https:\/\/rp.baden-wuerttemberg.de\/Themen\/Bauen\/Seiten\/Flaechensparen.aspx\" target=\"_blank\">https:\/\/rp.baden-wuerttemberg.de\/Themen\/Bauen\/Seiten\/Flaechensparen.aspx<\/a><\/p>\n\n\n\n<p>Bundes-Umweltamt zum Thema Fl\u00e4chenverbrauch reduzieren<\/p>\n\n\n\n<p> <a rel=\"noreferrer noopener\" aria-label=\" (\u00f6ffnet in neuem Tab)\" href=\"https:\/\/www.umweltbundesamt.de\/daten\/flaeche-boden-land-oekosysteme\/flaeche\/siedlungs-verkehrsflaeche\" target=\"_blank\">https:\/\/www.umweltbundesamt.de\/daten\/flaeche-boden-land-oekosysteme\/flaeche\/siedlungs-verkehrsflaeche<\/a><\/p>\n\n\n\n<p>Landesanstalt f\u00fcr Umwelt Baden-W\u00fcrttemberg: Kommunales Fl\u00e4chenmanagement &#8211; Download einer Arbeitshilfe f\u00fcr Gemeinden, den Fl\u00e4chenverbrauch besser zu regeln<\/p>\n\n\n<p><a href=\"http:\/\/www4.lubw.baden-wuerttemberg.de\/servlet\/is\/11112\/?fbclid=IwAR1kWW2HZp94AxNOjdhZcElMM7NezFqMarRdit3V2Fg7C3jBdFYAsw3eeAc\" data-wplink-edit=\"true\">http:\/\/www4.lubw.baden-wuerttemberg.de\/servlet\/is\/11112\/?fbclid=IwAR1kWW2HZp94AxNOjdhZcElMM7NezFqMarRdit3V2Fg7C3jBdFYAsw3eeAc<\/a><\/p>\n<p>\u00a0<\/p>\n<p>Ein Link zu Kommentaren zum Baugebot &#8211; Schlie\u00dfen inner\u00f6rtlicher Baul\u00fccken und M\u00f6glichkeiten zur Innenentwicklung<\/p>\n<p><a href=\"https:\/\/www.bauprofessor.de\/Baugebot\/5f7b6e71-1915-4037-8bd1-a9f3d2cf4829?fbclid=IwAR3sJxuBJZdsfdexKmPJUaRmDmaSz3Zt4wb9K1bhBBp2z5UQ7zLvno_oVAQ\">https:\/\/www.bauprofessor.de\/Baugebot\/5f7b6e71-1915-4037-8bd1-a9f3d2cf4829?fbclid=IwAR3sJxuBJZdsfdexKmPJUaRmDmaSz3Zt4wb9K1bhBBp2z5UQ7zLvno_oVAQ<\/a><\/p>\t\t<div class=\"wpulike wpulike-default \" ><div class=\"wp_ulike_general_class wp_ulike_is_not_liked\"><button type=\"button\"\n\t\t\t\t\tdata-ulike-id=\"300\"\n\t\t\t\t\tdata-ulike-nonce=\"edd8c9201c\"\n\t\t\t\t\tdata-ulike-type=\"likeThis\"\n\t\t\t\t\tdata-ulike-status=\"1\" class=\"wp_ulike_btn wp_ulike_put_image wp_likethis_300\"><\/button><span class=\"count-box\">0<\/span>\t\t\t<\/div><\/div>\n\t","protected":false},"excerpt":{"rendered":"<p>Ein empfehlenswertes Werk f\u00fcr B\u00fcrgermeister und Gemeinderat: Meyer, Johannes :&nbsp;Nachhaltige Kommunalpolitik ist m\u00f6glich.&nbsp;Zur Durchsetzung einer nachhaltigen&nbsp;Stadt- und Verkehrsplanung. M\u00fcnchen: oekom-Verl., 2017. 134 S., \u20ac 22,95 [D], 23,60 [A] ; ISBN 978-3-96006-002-4 Viel Kompetenz und Fallbeispiele \u00fcber Stadtentwicklung und Baurecht findet man auf der Seite von Dr.-Ing. Johann Hartl: https:\/\/www.stadtgrenze.de\/s\/bbg\/2017\/13b.htm Informationen \u00fcber B\u00fcrgerentscheide, B\u00fcrgerbegehren, direkte Demokratie &hellip; <\/p>\n<p class=\"link-more\"><a href=\"https:\/\/ogb-abstatt.de\/?page_id=300\" class=\"more-link\"><span class=\"screen-reader-text\">\u201eQuellen, Links und Literatur\u201c<\/span> weiterlesen<\/a><\/p>\n","protected":false},"author":1,"featured_media":0,"parent":0,"menu_order":0,"comment_status":"closed","ping_status":"closed","template":"","meta":[],"_links":{"self":[{"href":"https:\/\/ogb-abstatt.de\/index.php?rest_route=\/wp\/v2\/pages\/300"}],"collection":[{"href":"https:\/\/ogb-abstatt.de\/index.php?rest_route=\/wp\/v2\/pages"}],"about":[{"href":"https:\/\/ogb-abstatt.de\/index.php?rest_route=\/wp\/v2\/types\/page"}],"author":[{"embeddable":true,"href":"https:\/\/ogb-abstatt.de\/index.php?rest_route=\/wp\/v2\/users\/1"}],"replies":[{"embeddable":true,"href":"https:\/\/ogb-abstatt.de\/index.php?rest_route=%2Fwp%2Fv2%2Fcomments&post=300"}],"version-history":[{"count":15,"href":"https:\/\/ogb-abstatt.de\/index.php?rest_route=\/wp\/v2\/pages\/300\/revisions"}],"predecessor-version":[{"id":393,"href":"https:\/\/ogb-abstatt.de\/index.php?rest_route=\/wp\/v2\/pages\/300\/revisions\/393"}],"wp:attachment":[{"href":"https:\/\/ogb-abstatt.de\/index.php?rest_route=%2Fwp%2Fv2%2Fmedia&parent=300"}],"curies":[{"name":"wp","href":"https:\/\/api.w.org\/{rel}","templated":true}]}}

<p>Ein empfehlenswertes Werk für Bürgermeister und Gemeinderat:  <br><em>Meyer, Johannes :&nbsp;<strong>Nachhaltige Kommunalpolitik ist möglich.</strong>&nbsp;Zur Durchsetzung einer nachhaltigen&nbsp;Stadt- und Verkehrsplanung. München: oekom-Verl., 2017. 134 S., € 22,95 [D], 23,60 [A] ; ISBN 978-3-96006-002-4</em> </p>



<p>Viel Kompetenz und Fallbeispiele über Stadtentwicklung und Baurecht findet man auf der Seite von Dr.-Ing. Johann Hartl: </p>



<p><a rel="noreferrer noopener" aria-label=" (öffnet in neuem Tab)" href="https://www.stadtgrenze.de/s/bbg/2017/13b.htm" target="_blank">https://www.stadtgrenze.de/s/bbg/2017/13b.htm</a></p>



<p>Informationen über Bürgerentscheide, Bürgerbegehren, direkte Demokratie und Fallbeispiele: Dr. Edgar Wunder  Mehr Demokratie e.V. Landesbüro</p>



<p> <a rel="noreferrer noopener" aria-label=" (öffnet in neuem Tab)" href="https://www.mitentscheiden.de/buergerbegehren/aktuelle-verfahren/verfahren-2019/" target="_blank">https://www.mitentscheiden.de/buergerbegehren/aktuelle-verfahren/verfahren-2019/</a></p>



<p>Regierungspräsidium Stuttgart: Im Bereich Planen und Bauen zum Thema &#8222;Flächen sparen&#8220;</p>



<p> <a rel="noreferrer noopener" aria-label=" (öffnet in neuem Tab)" href="https://rp.baden-wuerttemberg.de/Themen/Bauen/Seiten/Flaechensparen.aspx" target="_blank">https://rp.baden-wuerttemberg.de/Themen/Bauen/Seiten/Flaechensparen.aspx</a></p>



<p>Bundes-Umweltamt zum Thema Flächenverbrauch reduzieren</p>



<p> <a rel="noreferrer noopener" aria-label=" (öffnet in neuem Tab)" href="https://www.umweltbundesamt.de/daten/flaeche-boden-land-oekosysteme/flaeche/siedlungs-verkehrsflaeche" target="_blank">https://www.umweltbundesamt.de/daten/flaeche-boden-land-oekosysteme/flaeche/siedlungs-verkehrsflaeche</a></p>



<p>Landesanstalt für Umwelt Baden-Württemberg: Kommunales Flächenmanagement &#8211; Download einer Arbeitshilfe für Gemeinden, den Flächenverbrauch besser zu regeln</p>


<p><a href="http://www4.lubw.baden-wuerttemberg.de/servlet/is/11112/?fbclid=IwAR1kWW2HZp94AxNOjdhZcElMM7NezFqMarRdit3V2Fg7C3jBdFYAsw3eeAc" data-wplink-edit="true">http://www4.lubw.baden-wuerttemberg.de/servlet/is/11112/?fbclid=IwAR1kWW2HZp94AxNOjdhZcElMM7NezFqMarRdit3V2Fg7C3jBdFYAsw3eeAc</a></p>
<p> </p>
<p>Ein Link zu Kommentaren zum Baugebot &#8211; Schließen innerörtlicher Baulücken und Möglichkeiten zur Innenentwicklung</p>
<p><a href="https://www.bauprofessor.de/Baugebot/5f7b6e71-1915-4037-8bd1-a9f3d2cf4829?fbclid=IwAR3sJxuBJZdsfdexKmPJUaRmDmaSz3Zt4wb9K1bhBBp2z5UQ7zLvno_oVAQ">https://www.bauprofessor.de/Baugebot/5f7b6e71-1915-4037-8bd1-a9f3d2cf4829?fbclid=IwAR3sJxuBJZdsfdexKmPJUaRmDmaSz3Zt4wb9K1bhBBp2z5UQ7zLvno_oVAQ</a></p>		<div class="wpulike wpulike-default " ><div class="wp_ulike_general_class wp_ulike_is_not_liked"><button type="button"
					data-ulike-id="300"
					data-ulike-nonce="edd8c9201c"
					data-ulike-type="likeThis"
					data-ulike-status="1" class="wp_ulike_btn wp_ulike_put_image wp_likethis_300"></button><span class="count-box">0</span>			</div></div>

<p>Ein empfehlenswertes Werk für Bürgermeister und Gemeinderat: Meyer, Johannes :&nbsp;Nachhaltige Kommunalpolitik ist möglich.&nbsp;Zur Durchsetzung einer nachhaltigen&nbsp;Stadt- und Verkehrsplanung. München: oekom-Verl., 2017. 134 S., € 22,95 [D], 23,60 [A] ; ISBN 978-3-96006-002-4 Viel Kompetenz und Fallbeispiele über Stadtentwicklung und Baurecht findet man auf der Seite von Dr.-Ing. Johann Hartl: https://www.stadtgrenze.de/s/bbg/2017/13b.htm Informationen über Bürgerentscheide, Bürgerbegehren, direkte Demokratie &hellip; </p>
<p class="link-more"><a href="https://ogb-abstatt.de/?page_id=300" class="more-link"><span class="screen-reader-text">„Quellen, Links und Literatur“</span> weiterlesen</a></p>
